is divided by 405.
323
Calculate the remainder when 17951 is divided by 8288.
1375
What is the remainder when 3475 is divided by 86?
35
What is the remainder when 2892 is divided by 952?
36
Calculate the remainder when 1700 is divided by 122.
114
What is the remainder when 10247 is divided by 770?
237
What is the remainder when 16561 is divided by 8276?
9
Calculate the remainder when 23956 is divided by 23604.
352
What is the remainder when 63151 is divided by 63146?
5
Calculate the remainder when 8010 is divided by 3992.
26
What is the remainder when 249604 is divided by 1040?
4
Calculate the remainder when 129632 is divided by 117.
113
What is the remainder when 3911330 is divided by 21?
17
What is the remainder when 45604 is divided by 45?
19
What is the remainder when 1352 is divided by 37?
20
Calculate the remainder when 624 is divided by 65.
39
What is the remainder when 81334 is divided by 40664?
6
Calculate the remainder when 756349 is divided by 33.
22
What is the remainder when 241441 is divided by 58?
45
Calculate the remainder when 30109 is divided by 119.
2
What is the remainder when 46818 is divided by 46769?
49
Calculate the remainder when 13417 is divided by 2236.
1
Calculate the remainder when 55504 is divided by 36.
28
Calculate the remainder when 2518 is divided by 332.
194
What is the remainder when 135426 is divided by 67704?
18
Calculate the remainder when 1492 is divided by 62.
4
Calculate the remainder when 15060 is divided by 28.
24
Calculate the remainder when 11086 is divided by 617.
597
What is the remainder when 167588 is divided by 33516?
8
What is the remainder when 6832 is divided by 58?
46
Calculate the remainder when 19581 is divided by 318.
183
Calculate the remainder when 13295 is divided by 6571.
153
What is the remainder when 2394 is divided by 258?
72
Calculate the remainder when 99683 is divided by 15.
8
Calculate the remainder when 2929 is divided by 576.
49
Calculate the remainder when 1444 is divided by 768.
676
Calculate the remainder when 183601 is divided by 147.
145
What is the remainder when 9261 is divided by 1800?
261
What is the remainder when 2546263 is divided by 56?
55
What is the remainder when 963536 is divided by 12?
8
What is the remainder when 336 is divided by 21?
0
What is the remainder when 410853 is divided by 24?
21
What is the remainder when 30208 is divided by 28?
24
What is the remainder when 243944 is divided by 13?
12
What is the remainder when 6288 is divided by 798?
702
What is the remainder when 3701 is divided by 95?
91
What is the remainder when 636720 is divided by 29?
25
What is the remainder when 954 is divided by 459?
36
What is the remainder when 60675 is divided by 39?
30
Calculate the remainder when 34835 is divided by 8699.
39
Calculate the remainder when 1514 is divided by 108.
2
What is the remainder when 13709 is divided by 45?
29
Calculate the remainder when 280742 is divided by 62.
6
Calculate the remainder when 7753 is divided by 665.
438
What is the remainder when 22331 is divided by 26?
23
What is the remainder when 88894 is divided by 48?
46
What is the remainder when 468934 is divided by 234?
232
What is the remainder when 19615 is divided by 86?
7
What is the remainder when 12969 is divided by 33?
0
What is the remainder when 1859 is divided by 110?
99
Calculate the remainder when 63439 is divided by 87.
16
Calculate the remainder when 34161 is divided by 80.
1
What is the remainder when 4510 is divided by 156?
142
Calculate the remainder when 12882 is divided by 585.
12
What is the remainder when 25821 is divided by 49?
47
Calculate the remainder when 101951 is divided by 6.
5
Calculate the remainder when 525021 is divided by 61.
55
Calculate the remainder when 8270 is divided by 1209.
1016
What is the remainder when 11864 is divided by 458?
414
Calculate the remainder when 36790 is divided by 968.
6
What is the remainder when 5756 is divided by 57?
56
Calculate the remainder when 123171 is divided by 371.
370
Calculate the remainder when 25403 is divided by 87.
86
What is the remainder when 175166 is divided by 258?
242
What is the remainder when 56695 is divided by 18886?
37
Calculate the remainder when 6556 is divided by 3276.
4
Calculate the remainder when 6420 is divided by 180.
120
Calculate the remainder when 12877 is divided by 603.
214
What is the remainder when 21622 is divided by 5194?
846
What is the remainder when 26328 is divided by 266?
260
What is the remainder when 4047079 is divided by 184?
183
Calculate the remainder when 6412 is divided by 2094.
130
What is the remainder when 70496 is divided by 63?
62
Calculate the remainder when 8113 is divided by 8069.
44
Calculate the remainder when 6104 is divided by 1521.
20
What is the remainder when 5908 is divided by 1163?
93
Calculate the remainder when 1838 is divided by 1604.
234
Calculate the remainder when 141894 is divided by 2677.
13
What is the remainder when 54564 is divided by 3015?
294
Calculate the remainder when 4502 is divided by 342.
56
Calculate the remainder when 3277 is divided by 1167.
943
What is the remainder when 8201 is divided by 70?
11
Calculate the remainder when 20868 is divided by 92.
76
What is the remainder when 42474 is divided by 164?
162
What is the remainder when 298107 is divided by 523?
520
Calculate the remainder when 70714 is divided by 340.
334
What is the remainder when 65095 is divided by 124?
119
What is the remainder when 88750 is divided by 880?
750
What is the remainder when 3364 is divided by 300?
64
What is the remainder when 92642 is divided by 27?
5
What is the remainder when 63560 is divided by 37?
31
What is the remainder when 62384 is divided by 311?
184
Calculate the remainder when 105747 is divided by 90.
87
Calculate the remainder when 33047 is divided by 606.
323
Calculate the remainder when 17821 is divided by 808.
45
What is the remainder when 5838671 is divided by 21?
20
Calculate the remainder when 22887 is divided by 15.
12
Calculate the remainder when 164502 is divided by 15.
12
What is the remainder when 652 is divided by 13?
2
What is the remainder when 24193 is divided by 226?
11
Calculate the remainder when 6403 is divided by 1954.
541
What is the remainder when 1505 is divided by 1460?
45
What is the remainder when 1791 is divided by 450?
441
What is the remainder when 155323 is divided by 15?
13
What is the remainder when 24983 is divided by 58?
43
What is the remainder when 181202 is divided by 338?
34
What is the remainder when 443558 is divided by 443532?
26
What is the remainder when 7710 is divided by 1538?
20
What is the remainder when 29531 is divided by 1732?
87
What is the remainder when 2492 is divided by 144?
44
Calculate the remainder when 18838 is divided by 4702.
30
Calculate the remainder when 139211 is divided by 47.
44
Calculate the remainder when 77430 is divided by 815.
5
What is the remainder when 250027 is divided by 1506?
31
Calculate the remainder when 55138 is divided by 27542.
54
What is the remainder when 594831 is divided by 1209?
3
What is the remainder when 3041 is divided by 24?
17
What is the remainder when 691218 is divided by 127?
84
Calculate the remainder when 173709 is divided by 517.
514
What is the remainder when 1210 is divided by 152?
146
What is the remainder when 18600 is divided by 4640?
40
Calculate the remainder when 8601 is divided by 135.
96
What is the remainder when 32428 is divided by 2175?
1978
What is the remainder when 1647249 is divided by 50?
49
What is the remainder when 252820 is divided by 63202?
12
Calculate the remainder when 188451 is divided by 8.
3
What is the remainder when 5414 is divided by 389?
357
Calculate the remainder when 4747 is divided by 20.
7
What is the remainder when 44089 is divided by 4396?
129
Calculate the remainder when 780 is divided by 26.
0
What is the remainder when 102732 is divided by 19?
18
What is the remainder when 612854 is divided by 351?
8
Calculate the remainder when 28421 is divided by 9445.
86
What is the remainder when 2189 is divided by 552?
533
What is the remainder when 226295 is divided by 17?
8
What is the remainder when 22341 is divided by 194?
31
Calculate the remainder when 5795 is divided by 812.
111
Calculate t